{"id":1698,"date":"2021-01-12T13:16:45","date_gmt":"2021-01-12T13:16:45","guid":{"rendered":"https:\/\/foodstudio.ee\/tooted\/?page_id=1698"},"modified":"2025-10-31T08:52:34","modified_gmt":"2025-10-31T08:52:34","slug":"projektid","status":"publish","type":"page","link":"https:\/\/foodstudio.ee\/tooted\/projektid\/","title":{"rendered":"O\u00dc PULJONG ARENGUPROGRAMM NR EU60245"},"content":{"rendered":"\n<div style=\"height:100px\" aria-hidden=\"true\" class=\"wp-block-spacer\"><\/div>\n\n\n\n<figure class=\"wp-block-image size-large is-resized\"><img decoding=\"async\" loading=\"lazy\" src=\"https:\/\/foodstudio.ee\/tooted\/wp-content\/uploads\/sites\/2\/2025\/01\/Kaasrahastanud_EL_kaksiklogod_EST_hor_color_RGB-700x407.png\" alt=\"\" class=\"wp-image-3464\" width=\"227\" height=\"132\" srcset=\"https:\/\/foodstudio.ee\/tooted\/wp-content\/uploads\/sites\/2\/2025\/01\/Kaasrahastanud_EL_kaksiklogod_EST_hor_color_RGB-700x407.png 700w, https:\/\/foodstudio.ee\/tooted\/wp-content\/uploads\/sites\/2\/2025\/01\/Kaasrahastanud_EL_kaksiklogod_EST_hor_color_RGB-250x145.png 250w, https:\/\/foodstudio.ee\/tooted\/wp-content\/uploads\/sites\/2\/2025\/01\/Kaasrahastanud_EL_kaksiklogod_EST_hor_color_RGB-768x446.png 768w, https:\/\/foodstudio.ee\/tooted\/wp-content\/uploads\/sites\/2\/2025\/01\/Kaasrahastanud_EL_kaksiklogod_EST_hor_color_RGB-120x70.png 120w, https:\/\/foodstudio.ee\/tooted\/wp-content\/uploads\/sites\/2\/2025\/01\/Kaasrahastanud_EL_kaksiklogod_EST_hor_color_RGB-400x232.png 400w, https:\/\/foodstudio.ee\/tooted\/wp-content\/uploads\/sites\/2\/2025\/01\/Kaasrahastanud_EL_kaksiklogod_EST_hor_color_RGB.png 1022w\" sizes=\"(max-width: 227px) 100vw, 227px\" \/><\/figure>\n\n\n\n<h2>EUROOPA LIIDU \u00dcHISE P\u00d5LLUMAJANDUSPOLIITIKA STRATEEGIAKAVA 2023\u20132027 (\u00dcPP SK)<\/h2>\n\n\n\n<p><strong>BIORESSURSSIDE V\u00c4\u00c4RINDAMISE INVESTEERINGUTOETUS 2024<\/strong><\/p>\n\n\n\n<p><strong>Puljong O\u00dc toimik nr<\/strong>: A8302400004<\/p>\n\n\n\n<p>Bioressursside v\u00e4\u00e4rindamise investeeringutoetust antakse ringbiomajanduse edendamise eesm\u00e4rgil k\u00f5rvalsaaduste v\u00e4\u00e4rindamiseks ja t\u00f6\u00f6tlemise v\u00f5imekuse suurendamiseks. Projekti eesm\u00e4rk on j\u00f5uda j\u00e4\u00e4tmevaba tootmiseni, soetades seadmed oma j\u00e4\u00e4tmete ringlussev\u00f5tuks biogaasina . Tootmisprotsessi t\u00e4iustamine tagab olulise muutuse keskkonnale ja ettev\u00f5ttele.<\/p>\n\n\n\n<p><strong><strong>INVESTEERINGUTOETUS ON 35% PLANEERITAVAST KOGUMAKSUMUSEST ehk 39 304,65 EUR<\/strong><\/strong><\/p>\n\n\n\n<div style=\"height:100px\" aria-hidden=\"true\" class=\"wp-block-spacer\"><\/div>\n\n\n\n<figure class=\"wp-block-image size-large is-resized\"><img decoding=\"async\" loading=\"lazy\" src=\"https:\/\/foodstudio.ee\/tooted\/wp-content\/uploads\/sites\/2\/2025\/01\/Kaasrahastanud_EL_kaksiklogod_EST_hor_color_RGB-700x407.png\" alt=\"\" class=\"wp-image-3464\" width=\"227\" height=\"132\" srcset=\"https:\/\/foodstudio.ee\/tooted\/wp-content\/uploads\/sites\/2\/2025\/01\/Kaasrahastanud_EL_kaksiklogod_EST_hor_color_RGB-700x407.png 700w, https:\/\/foodstudio.ee\/tooted\/wp-content\/uploads\/sites\/2\/2025\/01\/Kaasrahastanud_EL_kaksiklogod_EST_hor_color_RGB-250x145.png 250w, https:\/\/foodstudio.ee\/tooted\/wp-content\/uploads\/sites\/2\/2025\/01\/Kaasrahastanud_EL_kaksiklogod_EST_hor_color_RGB-768x446.png 768w, https:\/\/foodstudio.ee\/tooted\/wp-content\/uploads\/sites\/2\/2025\/01\/Kaasrahastanud_EL_kaksiklogod_EST_hor_color_RGB-120x70.png 120w, https:\/\/foodstudio.ee\/tooted\/wp-content\/uploads\/sites\/2\/2025\/01\/Kaasrahastanud_EL_kaksiklogod_EST_hor_color_RGB-400x232.png 400w, https:\/\/foodstudio.ee\/tooted\/wp-content\/uploads\/sites\/2\/2025\/01\/Kaasrahastanud_EL_kaksiklogod_EST_hor_color_RGB.png 1022w\" sizes=\"(max-width: 227px) 100vw, 227px\" \/><\/figure>\n\n\n\n<h2>O\u00dc PULJONG ARENGUPROGRAMM NR 2021-2027.1.01.24-0695<\/h2>\n\n\n\n<p><strong>ETTEV\u00d5TLUSE JA INNOVATSIOONI SIHTASUTUSE JA EUROOPA REGIONAALARENGU FONDI ETTEV\u00d5TTE ARENGUPROGRAMM<\/strong> toetab ettev\u00f5tte pikaajalise l\u00e4bim\u00f5eldud strateegilise arenguplaani elluviimist ja rahvusvahelise konkurentsiv\u00f5ime suurendamist.<\/p>\n\n\n\n<p><strong>O\u00dc PULJONG programm<\/strong> keskendub innovatiivse tootearenduse, kestliku tootmisprotsessi ja digitaliseerimise elluviimisele.<\/p>\n\n\n\n<p>Turule tuuakse uued tootesarjad nii inimtoitude kui ka lemmikloomatoitude segmendis, astutakse olulised sammud tootmisprotsessi t\u00e4iustamiseks, et seel\u00e4bi j\u00f5uda j\u00e4\u00e4tmevaba tootmiseni.<\/p>\n\n\n\n<p><strong>PROJEKTI TOETUSSUMMA ON 45% PLANEERITAVAST KOGUMAKSUMUSEST ehk 242979,75 EUR<\/strong><\/p>\n\n\n\n<div style=\"height:100px\" aria-hidden=\"true\" class=\"wp-block-spacer\"><\/div>\n\n\n\n<figure class=\"wp-block-image size-medium\"><img decoding=\"async\" loading=\"lazy\" width=\"250\" height=\"118\" src=\"https:\/\/foodstudio.ee\/tooted\/wp-content\/uploads\/sites\/2\/2022\/03\/PRIA-250x118.png\" alt=\"\" class=\"wp-image-2550\" srcset=\"https:\/\/foodstudio.ee\/tooted\/wp-content\/uploads\/sites\/2\/2022\/03\/PRIA-250x118.png 250w, https:\/\/foodstudio.ee\/tooted\/wp-content\/uploads\/sites\/2\/2022\/03\/PRIA-700x332.png 700w, https:\/\/foodstudio.ee\/tooted\/wp-content\/uploads\/sites\/2\/2022\/03\/PRIA-120x57.png 120w, https:\/\/foodstudio.ee\/tooted\/wp-content\/uploads\/sites\/2\/2022\/03\/PRIA-400x190.png 400w, https:\/\/foodstudio.ee\/tooted\/wp-content\/uploads\/sites\/2\/2022\/03\/PRIA-630x299.png 630w, https:\/\/foodstudio.ee\/tooted\/wp-content\/uploads\/sites\/2\/2022\/03\/PRIA.png 768w\" sizes=\"(max-width: 250px) 100vw, 250px\" \/><\/figure>\n\n\n\n<div style=\"height:30px\" aria-hidden=\"true\" class=\"wp-block-spacer\"><\/div>\n\n\n\n<h2>EESTI MAAELU ARENGUKAVA &nbsp;2014-2020<\/h2>\n\n\n\n<p><strong>\u201cMIKRO-JA V\u00c4IKEETTEV\u00d5TJATE P\u00d5LLUMAJANDUSTOODETE T\u00d6\u00d6TLEMISE JA TURUSTAMISE INVESTEERINGUTOETUS\u201d<\/strong><\/p>\n\n\n\n<p><strong>Puljong O\u00dc toimik nr. 42102100014<\/strong><\/p>\n\n\n\n<p>Ettev\u00f5te kasutab investeeringutoetust erinevate seadmete soetamiseks, et eelk\u00f5ige kaasajastada ja automatiseerida kogu tootmisprotsess ning t\u00f5sta tootmisv\u00f5imsust. Samuti on eesm\u00e4rk baastoodete (puljongid) rakendamine ja arendamine uutes valdkondades ning uute innovaatiliste tehnoloogiate kasutuselev\u00f5tt, mis avaks ettev\u00f5ttele uue arenguperspektiivi. Ettev\u00f5tte k\u00e4ibekasvu prognoos uute seadmete lisandudes on keskmiselt 35% aastas.<\/p>\n\n\n\n<p><strong>INVESTEERINGUTOETUS ON 45% PLANEERITAVAST KOGUMAKSUMUSEST ehk 222&nbsp;023,68 EUR<\/strong><\/p>\n\n\n\n<div style=\"height:100px\" aria-hidden=\"true\" class=\"wp-block-spacer\"><\/div>\n\n\n\n<figure class=\"wp-block-image size-large is-resized\"><img decoding=\"async\" loading=\"lazy\" src=\"https:\/\/foodstudio.ee\/tooted\/wp-content\/uploads\/sites\/2\/2021\/01\/EAS_SF_RGB_EST-700x204.png\" alt=\"\" class=\"wp-image-1699\" width=\"405\" height=\"118\" srcset=\"https:\/\/foodstudio.ee\/tooted\/wp-content\/uploads\/sites\/2\/2021\/01\/EAS_SF_RGB_EST-700x204.png 700w, https:\/\/foodstudio.ee\/tooted\/wp-content\/uploads\/sites\/2\/2021\/01\/EAS_SF_RGB_EST-250x73.png 250w, https:\/\/foodstudio.ee\/tooted\/wp-content\/uploads\/sites\/2\/2021\/01\/EAS_SF_RGB_EST-768x224.png 768w, https:\/\/foodstudio.ee\/tooted\/wp-content\/uploads\/sites\/2\/2021\/01\/EAS_SF_RGB_EST-120x35.png 120w, https:\/\/foodstudio.ee\/tooted\/wp-content\/uploads\/sites\/2\/2021\/01\/EAS_SF_RGB_EST-400x117.png 400w, https:\/\/foodstudio.ee\/tooted\/wp-content\/uploads\/sites\/2\/2021\/01\/EAS_SF_RGB_EST-630x184.png 630w, https:\/\/foodstudio.ee\/tooted\/wp-content\/uploads\/sites\/2\/2021\/01\/EAS_SF_RGB_EST.png 1349w\" sizes=\"(max-width: 405px) 100vw, 405px\" \/><\/figure>\n\n\n\n<div style=\"height:30px\" aria-hidden=\"true\" class=\"wp-block-spacer\"><\/div>\n\n\n\n<h2>O\u00dc PULJONG ARENGUPROGRAMM NR EU60245<\/h2>\n\n\n\n<p><strong>ETTEV\u00d5TLUSE ARENDAMISE SIHTASUTUSE JA EUROOPA REGIONAALARENGU FONDI ETTEV\u00d5TTE ARENGUPROGRAMM<\/strong> toetab ettev\u00f5tete pikaajalist l\u00e4bim\u00f5eldud arengut, tegevuste paremat planeerimist, innovatsiooni rakendamist ja&nbsp;eelk\u00f5ige tootearendust.<\/p>\n\n\n\n<p><strong>O\u00dc PULJONG ARENGUPROGRAMMI<\/strong> raames teostatava projekti tulemusel soovime turule tuua kassidele ja koertele p\u00f5hitoidu v\u00f5i toidulisandina m\u00f5eldud k\u00f5rge toitev\u00e4\u00e4rtusega kvaliteetpuljongi.<\/p>\n\n\n\n<p>Spetsiaalselt lemmikloomale suunatud puljong t\u00f5stab meie p\u00f5hitoote (puljong) lisandv\u00e4\u00e4rtust, v\u00f5imaldab siseneda kiirelt kasvavasse ja arenevasse sektorisse, suurendab tootevalikut (ohustamata p\u00f5hitoote kvaliteeti ja algset kontseptsiooni), v\u00e4hendab s\u00f5ltuvust koduturust ja v\u00f5imaldab kasvada m\u00e4rkimisv\u00e4\u00e4rseks eksport\u00f6\u00f6riks.<\/p>\n\n\n\n<p>Projekti edukas realiseerumine toetab muuhulgas ettev\u00f5tte plaani ehitada uus ja kaasaegne tootmine, mis v\u00f5imaldaks mitmekordistada tootmismahtu ning tagaks suurte tellimuste t\u00e4itmise v\u00f5imekuse.<\/p>\n\n\n\n<p><strong>PROJEKTI TOETUSSUMMA ON 45% PLANEERITAVAST KOGUMAKSUMUSEST ehk 498606,75 EUR<\/strong><\/p>\n","protected":false},"excerpt":{"rendered":"EUROOPA LIIDU \u00dcHISE P\u00d5LLUMAJANDUSPOLIITIKA STRATEEGIAKAVA 2023\u20132027 (\u00dcPP SK) BIORESSURSSIDE V\u00c4\u00c4RINDAMISE INVESTEERINGUTOETUS 2024 Puljong O\u00dc toimik nr: A8302400004 Bioressursside v\u00e4\u00e4rindamise investeeringutoetust antakse ringbiomajanduse edendamise eesm\u00e4rgil k\u00f5rvalsaaduste v\u00e4\u00e4rindamiseks ja t\u00f6\u00f6tlemise v\u00f5imekuse suurendamiseks. Projekti eesm\u00e4rk on j\u00f5uda j\u00e4\u00e4tmevaba tootmiseni, soetades seadmed oma j\u00e4\u00e4tmete ringlussev\u00f5tuks biogaasina . Tootmisprotsessi t\u00e4iustamine tagab olulise muutuse keskkonnale ja ettev\u00f5ttele. INVESTEERINGUTOETUS ON 35% PLANEERITAVAST [&hellip;]","protected":false},"author":1,"featured_media":0,"parent":0,"menu_order":0,"comment_status":"closed","ping_status":"closed","template":"","meta":{"advgb_blocks_editor_width":"","advgb_blocks_columns_visual_guide":"","_uag_custom_page_level_css":""},"acf":[],"yoast_head":"<!-- This site is optimized with the Yoast SEO plugin v19.14 - https:\/\/yoast.com\/wordpress\/plugins\/seo\/ -->\n<title>O\u00dc PULJONG ARENGUPROGRAMM NR EU60245 - FoodStudio Tooted<\/title>\n<meta name=\"robots\" content=\"index, follow, max-snippet:-1, max-image-preview:large, max-video-preview:-1\" \/>\n<link rel=\"canonical\" href=\"https:\/\/foodstudio.ee\/tooted\/projektid\/\" \/>\n<meta property=\"og:locale\" content=\"et_EE\" \/>\n<meta property=\"og:type\" content=\"article\" \/>\n<meta property=\"og:title\" content=\"O\u00dc PULJONG ARENGUPROGRAMM NR EU60245 - FoodStudio Tooted\" \/>\n<meta property=\"og:description\" content=\"EUROOPA LIIDU \u00dcHISE P\u00d5LLUMAJANDUSPOLIITIKA STRATEEGIAKAVA 2023\u20132027 (\u00dcPP SK) BIORESSURSSIDE V\u00c4\u00c4RINDAMISE INVESTEERINGUTOETUS 2024 Puljong O\u00dc toimik nr: A8302400004 Bioressursside v\u00e4\u00e4rindamise investeeringutoetust antakse ringbiomajanduse edendamise eesm\u00e4rgil k\u00f5rvalsaaduste v\u00e4\u00e4rindamiseks ja t\u00f6\u00f6tlemise v\u00f5imekuse suurendamiseks. Projekti eesm\u00e4rk on j\u00f5uda j\u00e4\u00e4tmevaba tootmiseni, soetades seadmed oma j\u00e4\u00e4tmete ringlussev\u00f5tuks biogaasina . Tootmisprotsessi t\u00e4iustamine tagab olulise muutuse keskkonnale ja ettev\u00f5ttele. INVESTEERINGUTOETUS ON 35% PLANEERITAVAST [&hellip;]\" \/>\n<meta property=\"og:url\" content=\"https:\/\/foodstudio.ee\/tooted\/projektid\/\" \/>\n<meta property=\"og:site_name\" content=\"FoodStudio Tooted\" \/>\n<meta property=\"article:modified_time\" content=\"2025-10-31T08:52:34+00:00\" \/>\n<meta property=\"og:image\" content=\"https:\/\/foodstudio.ee\/tooted\/wp-content\/uploads\/sites\/2\/2025\/01\/Kaasrahastanud_EL_kaksiklogod_EST_hor_color_RGB-700x407.png\" \/>\n<meta name=\"twitter:card\" content=\"summary_large_image\" \/>\n<meta name=\"twitter:label1\" content=\"Est. reading time\" \/>\n\t<meta name=\"twitter:data1\" content=\"3 minutit\" \/>\n<script type=\"application\/ld+json\" class=\"yoast-schema-graph\">{\"@context\":\"https:\/\/schema.org\",\"@graph\":[{\"@type\":\"WebPage\",\"@id\":\"https:\/\/foodstudio.ee\/tooted\/projektid\/\",\"url\":\"https:\/\/foodstudio.ee\/tooted\/projektid\/\",\"name\":\"O\u00dc PULJONG ARENGUPROGRAMM NR EU60245 - FoodStudio Tooted\",\"isPartOf\":{\"@id\":\"https:\/\/foodstudio.ee\/tooted\/#website\"},\"datePublished\":\"2021-01-12T13:16:45+00:00\",\"dateModified\":\"2025-10-31T08:52:34+00:00\",\"breadcrumb\":{\"@id\":\"https:\/\/foodstudio.ee\/tooted\/projektid\/#breadcrumb\"},\"inLanguage\":\"et\",\"potentialAction\":[{\"@type\":\"ReadAction\",\"target\":[\"https:\/\/foodstudio.ee\/tooted\/projektid\/\"]}]},{\"@type\":\"BreadcrumbList\",\"@id\":\"https:\/\/foodstudio.ee\/tooted\/projektid\/#breadcrumb\",\"itemListElement\":[{\"@type\":\"ListItem\",\"position\":1,\"name\":\"Home\",\"item\":\"https:\/\/foodstudio.ee\/tooted\/\"},{\"@type\":\"ListItem\",\"position\":2,\"name\":\"O\u00dc PULJONG ARENGUPROGRAMM NR EU60245\"}]},{\"@type\":\"WebSite\",\"@id\":\"https:\/\/foodstudio.ee\/tooted\/#website\",\"url\":\"https:\/\/foodstudio.ee\/tooted\/\",\"name\":\"FoodStudio Tooted\",\"description\":\"\",\"publisher\":{\"@id\":\"https:\/\/foodstudio.ee\/tooted\/#organization\"},\"potentialAction\":[{\"@type\":\"SearchAction\",\"target\":{\"@type\":\"EntryPoint\",\"urlTemplate\":\"https:\/\/foodstudio.ee\/tooted\/?s={search_term_string}\"},\"query-input\":\"required name=search_term_string\"}],\"inLanguage\":\"et\"},{\"@type\":\"Organization\",\"@id\":\"https:\/\/foodstudio.ee\/tooted\/#organization\",\"name\":\"Foodstudio\",\"url\":\"https:\/\/foodstudio.ee\/tooted\/\",\"logo\":{\"@type\":\"ImageObject\",\"inLanguage\":\"et\",\"@id\":\"https:\/\/foodstudio.ee\/tooted\/#\/schema\/logo\/image\/\",\"url\":\"https:\/\/foodstudio.ee\/tooted\/wp-content\/uploads\/sites\/2\/2020\/10\/FS_logo.svg\",\"contentUrl\":\"https:\/\/foodstudio.ee\/tooted\/wp-content\/uploads\/sites\/2\/2020\/10\/FS_logo.svg\",\"width\":240,\"height\":64,\"caption\":\"Foodstudio\"},\"image\":{\"@id\":\"https:\/\/foodstudio.ee\/tooted\/#\/schema\/logo\/image\/\"}}]}<\/script>\n<!-- \/ Yoast SEO plugin. -->","yoast_head_json":{"title":"O\u00dc PULJONG ARENGUPROGRAMM NR EU60245 - FoodStudio Tooted","robots":{"index":"index","follow":"follow","max-snippet":"max-snippet:-1","max-image-preview":"max-image-preview:large","max-video-preview":"max-video-preview:-1"},"canonical":"https:\/\/foodstudio.ee\/tooted\/projektid\/","og_locale":"et_EE","og_type":"article","og_title":"O\u00dc PULJONG ARENGUPROGRAMM NR EU60245 - FoodStudio Tooted","og_description":"EUROOPA LIIDU \u00dcHISE P\u00d5LLUMAJANDUSPOLIITIKA STRATEEGIAKAVA 2023\u20132027 (\u00dcPP SK) BIORESSURSSIDE V\u00c4\u00c4RINDAMISE INVESTEERINGUTOETUS 2024 Puljong O\u00dc toimik nr: A8302400004 Bioressursside v\u00e4\u00e4rindamise investeeringutoetust antakse ringbiomajanduse edendamise eesm\u00e4rgil k\u00f5rvalsaaduste v\u00e4\u00e4rindamiseks ja t\u00f6\u00f6tlemise v\u00f5imekuse suurendamiseks. Projekti eesm\u00e4rk on j\u00f5uda j\u00e4\u00e4tmevaba tootmiseni, soetades seadmed oma j\u00e4\u00e4tmete ringlussev\u00f5tuks biogaasina . Tootmisprotsessi t\u00e4iustamine tagab olulise muutuse keskkonnale ja ettev\u00f5ttele. INVESTEERINGUTOETUS ON 35% PLANEERITAVAST [&hellip;]","og_url":"https:\/\/foodstudio.ee\/tooted\/projektid\/","og_site_name":"FoodStudio Tooted","article_modified_time":"2025-10-31T08:52:34+00:00","og_image":[{"url":"https:\/\/foodstudio.ee\/tooted\/wp-content\/uploads\/sites\/2\/2025\/01\/Kaasrahastanud_EL_kaksiklogod_EST_hor_color_RGB-700x407.png"}],"twitter_card":"summary_large_image","twitter_misc":{"Est. reading time":"3 minutit"},"schema":{"@context":"https:\/\/schema.org","@graph":[{"@type":"WebPage","@id":"https:\/\/foodstudio.ee\/tooted\/projektid\/","url":"https:\/\/foodstudio.ee\/tooted\/projektid\/","name":"O\u00dc PULJONG ARENGUPROGRAMM NR EU60245 - FoodStudio Tooted","isPartOf":{"@id":"https:\/\/foodstudio.ee\/tooted\/#website"},"datePublished":"2021-01-12T13:16:45+00:00","dateModified":"2025-10-31T08:52:34+00:00","breadcrumb":{"@id":"https:\/\/foodstudio.ee\/tooted\/projektid\/#breadcrumb"},"inLanguage":"et","potentialAction":[{"@type":"ReadAction","target":["https:\/\/foodstudio.ee\/tooted\/projektid\/"]}]},{"@type":"BreadcrumbList","@id":"https:\/\/foodstudio.ee\/tooted\/projektid\/#breadcrumb","itemListElement":[{"@type":"ListItem","position":1,"name":"Home","item":"https:\/\/foodstudio.ee\/tooted\/"},{"@type":"ListItem","position":2,"name":"O\u00dc PULJONG ARENGUPROGRAMM NR EU60245"}]},{"@type":"WebSite","@id":"https:\/\/foodstudio.ee\/tooted\/#website","url":"https:\/\/foodstudio.ee\/tooted\/","name":"FoodStudio Tooted","description":"","publisher":{"@id":"https:\/\/foodstudio.ee\/tooted\/#organization"},"potentialAction":[{"@type":"SearchAction","target":{"@type":"EntryPoint","urlTemplate":"https:\/\/foodstudio.ee\/tooted\/?s={search_term_string}"},"query-input":"required name=search_term_string"}],"inLanguage":"et"},{"@type":"Organization","@id":"https:\/\/foodstudio.ee\/tooted\/#organization","name":"Foodstudio","url":"https:\/\/foodstudio.ee\/tooted\/","logo":{"@type":"ImageObject","inLanguage":"et","@id":"https:\/\/foodstudio.ee\/tooted\/#\/schema\/logo\/image\/","url":"https:\/\/foodstudio.ee\/tooted\/wp-content\/uploads\/sites\/2\/2020\/10\/FS_logo.svg","contentUrl":"https:\/\/foodstudio.ee\/tooted\/wp-content\/uploads\/sites\/2\/2020\/10\/FS_logo.svg","width":240,"height":64,"caption":"Foodstudio"},"image":{"@id":"https:\/\/foodstudio.ee\/tooted\/#\/schema\/logo\/image\/"}}]}},"coauthors":[],"author_meta":{"author_link":"https:\/\/foodstudio.ee\/tooted\/author\/reaktiiv-fo\/","display_name":"reaktiiv-fo"},"relative_dates":{"created":"Posted 5 aastat ago","modified":"Updated 5 kuud ago"},"absolute_dates":{"created":"Posted on jaanuar 12, 2021","modified":"Updated on oktoober 31, 2025"},"absolute_dates_time":{"created":"Posted on jaanuar 12, 2021 1:16 p.l.","modified":"Updated on oktoober 31, 2025 8:52 e.l."},"featured_img_caption":"","featured_img":false,"series_order":"","uagb_featured_image_src":{"full":false,"thumbnail":false,"medium":false,"medium_large":false,"large":false,"1536x1536":false,"2048x2048":false,"small":false,"custom-size":false,"recipes-small":false,"recipes-big":false},"uagb_author_info":{"display_name":"reaktiiv-fo","author_link":"https:\/\/foodstudio.ee\/tooted\/author\/reaktiiv-fo\/"},"uagb_comment_info":0,"uagb_excerpt":"EUROOPA LIIDU \u00dcHISE P\u00d5LLUMAJANDUSPOLIITIKA STRATEEGIAKAVA 2023\u20132027 (\u00dcPP SK) BIORESSURSSIDE V\u00c4\u00c4RINDAMISE INVESTEERINGUTOETUS 2024 Puljong O\u00dc toimik nr: A8302400004 Bioressursside v\u00e4\u00e4rindamise investeeringutoetust antakse ringbiomajanduse edendamise eesm\u00e4rgil k\u00f5rvalsaaduste v\u00e4\u00e4rindamiseks ja t\u00f6\u00f6tlemise v\u00f5imekuse suurendamiseks. Projekti eesm\u00e4rk on j\u00f5uda j\u00e4\u00e4tmevaba tootmiseni, soetades seadmed oma j\u00e4\u00e4tmete ringlussev\u00f5tuks biogaasina . Tootmisprotsessi t\u00e4iustamine tagab olulise muutuse keskkonnale ja ettev\u00f5ttele. INVESTEERINGUTOETUS ON 35% PLANEERITAVAST&hellip;","_links":{"self":[{"href":"https:\/\/foodstudio.ee\/tooted\/wp-json\/wp\/v2\/pages\/1698"}],"collection":[{"href":"https:\/\/foodstudio.ee\/tooted\/wp-json\/wp\/v2\/pages"}],"about":[{"href":"https:\/\/foodstudio.ee\/tooted\/wp-json\/wp\/v2\/types\/page"}],"author":[{"embeddable":true,"href":"https:\/\/foodstudio.ee\/tooted\/wp-json\/wp\/v2\/users\/1"}],"replies":[{"embeddable":true,"href":"https:\/\/foodstudio.ee\/tooted\/wp-json\/wp\/v2\/comments?post=1698"}],"version-history":[{"count":22,"href":"https:\/\/foodstudio.ee\/tooted\/wp-json\/wp\/v2\/pages\/1698\/revisions"}],"predecessor-version":[{"id":3514,"href":"https:\/\/foodstudio.ee\/tooted\/wp-json\/wp\/v2\/pages\/1698\/revisions\/3514"}],"wp:attachment":[{"href":"https:\/\/foodstudio.ee\/tooted\/wp-json\/wp\/v2\/media?parent=1698"}],"curies":[{"name":"wp","href":"https:\/\/api.w.org\/{rel}","templated":true}]}}